= f + p, 7*o = 3*o - 5*f + 51. What is the units digit of o?
9
Let s be -5*((-28)/(-20) - 2). Suppose -5*l + 30 = -s*r, -r = 2*r. Suppose l*o - o - 19 = -3*k, -k = -5*o - 33. What is the units digit of k?
3
Let d(s) = 2*s**2 + 5*s + 1. Let o be d(17). Suppose -5*w + w = -o. What is the hundreds digit of w?
1
Suppose -4*u - z + 3389 = -682, 3*z - 2023 = -2*u. What is the units digit of u?
9
Let i = 42 - 43. What is the units digit of ((-1)/((-10)/(-35)))/(i/28)?
8
Let s(q) = 22*q - 3 - 6*q + 7*q. Let t be s(6). Suppose h - 4*h + 58 = 2*b, t = 5*b + 5*h. What is the units digit of b?
3
Suppose 5*a + 7 = 17. Let z = 2 - a. Suppose 3*l + z*l - 46 = -4*k, -5*k + l = -67. What is the units digit of k?
3
Let o(m) = -m**3 - 24*m**2 + 26*m + 21. Let y be o(-25). Let i(u) = -4*u**3 - u**2 + 8*u - 6. What is the hundreds digit of i(y)?
2
Suppose 0 = -38*v + 47000 - 14434. What is the hundreds digit of v?
8
Let p(q) = q - 1. Let b(s) = 5*s + 3. Let t(r) = -b(r) + 2*p(r). What is the units digit of t(-16)?
3
Suppose -4*q + l + 13 = 0, -27 + 2 = -5*q + 3*l. Suppose q*g - 41 = 45. What is the units digit of g?
3
Let l(k) = k**3 + 9*k**2 + 8*k - 15. Let u(w) = -w + 6. Let x be u(6). Suppose 2*n - 2*m + 15 = -3*m, x = 4*n + 3*m + 31. What is the tens digit of l(n)?
2
Suppose 110*n + 1043 = 117*n. What is the units digit of n?
9
Suppose -44 = -q + 4*s, -276 = -4*q - 0*q - 4*s. Suppose -5*l + q - 25 = -3*i, i - 15 = -3*l. Suppose l = b - 0. What is the units digit of b?
6
Let g(k) = -k**3 - k**2 + k + 3. Let h be g(0). Suppose 3*s - 87 = h*w, 3*s - 3*w - 79 = 2*w. What is the tens digit of s?
3
Let v = 3550 - 1696. What is the units digit of v?
4
Let z(a) be the second derivative of 2*a**3/3 + a. Let o = -62 + 64. What is the units digit of z(o)?
8
Suppose 0 = -w - 5*n + 43, -3*n - 7 = 8. Suppose 0 = w*x - 74*x + 210. What is the tens digit of x?
3
Let s be (6/(18/93))/(-1). Let a = -7 - 16. Let k = a - s. What is the units digit of k?
8
Let s = -80 - -74. What is the units digit of (740/s)/(8/(-12))?
5
Let g(l) = -243*l + 58. What is the thousands digit of g(-9)?
2
Let v(k) = 16*k**3 + 3*k**2 - 8*k + 12. What is the hundreds digit of v(3)?
4
Let c(s) = 11*s**3 - 3*s**2 - 16*s + 85. What is the thousands digit of c(5)?
1
Let a(u) = -u**3 - 5*u**2 - 4. Let i be a(-6). Let s be 6/(-4) + 176/i. Let k(q) = 3*q**2 - 4*q + 5. What is the units digit of k(s)?
7
Suppose w + 5*r = 1423, -9071 + 1869 = -5*w + 4*r. What is the tens digit of w?
3
Let v = -69 + 39. Let b be (3/2)/(v/(-380)). Suppose -b = -n + 6. What is the units digit of n?
5
Suppose -a - 3*z = -0*z - 64, -4*z = a - 62. Suppose 5*c + 5*h - h = a, -2*h = 4*c - 50. Suppose c = 5*o - 50. What is the units digit of o?
2
Let p(k) = 67*k**2 - 16*k. What is the tens digit of p(1)?
5
Suppose 2827 = -16*w + 10379. What is the hundreds digit of w?
4
What is the tens digit of (4/3)/(-12 - (-35651)/2970)?
6
What is the tens digit of 186112/46 - 8*4/(-368)?
4
Let b(v) = v**2 + 8*v + 9. Let o be b(-7). Suppose 4 = -o*i, -3*n - 4*i + 4 + 0 = 0. What is the units digit of n?
4
Let u(x) = -221*x - 3. What is the units digit of u(-2)?
9
Let k = 152 + -145. Suppose 0 = -k*u + 196 + 168. What is the tens digit of u?
5
Suppose 3 + 17 = 4*j. Suppose 16 = -5*q + q, c - 91 = -j*q. What is the tens digit of c?
1
Suppose 5*c - o = -449, 2*o - 194 = 2*c - 2*o. Let g = 163 + c. What is the tens digit of g?
7
Let l(u) = 4*u**2 + 34*u - 4. What is the units digit of l(7)?
0
Let q be (-8)/3 + (-6)/(-9). Let h(u) be the third derivative of -u**6/40 - u**5/60 + u**4/12 + u**3/2 - 12*u**2. What is the tens digit of h(q)?
1
Let p be 0/3 + 18/2. Let q be 6/(-9) + 735/p. Let d = q + -56. What is the tens digit of d?
2
Suppose -8*f = -4*f - 16. Suppose -2*v = -f*v + 36. What is the units digit of v?
8
Let s(o) = -5*o - 238. What is the units digit of s(-48)?
2
Let i(y) = -2*y**3 - 16*y**2 - 6. Let a be i(-8). What is the units digit of ((-1518)/(-11))/(a/(-8))?
4
What is the units digit of (-12678)/(-14) - (-36)/(-63)?
5
Let g = 7 + 17. Let h be (6 - -6)/(-1 - (-2)/8). Let b = g + h. What is the units digit of b?
8
Suppose -14 = o - 3*o. Suppose -6*u - 2 = -o*u. Suppose -n + u*n - 5*p - 26 = 0, 0 = -2*n - 5*p + 7. What is the tens digit of n?
1
Let f = -133 - -231. What is the units digit of f?
8
Let r be (-429)/55 - (-1)/(-5). What is the tens digit of (-2)/r + 1446/8?
8
Let g(a) = -a**3 - 2*a**2 + 2*a + 3. Suppose 0 = 2*h + 2*h - 48. Let o = h - 15. What is the units digit of g(o)?
6
Let j be 1 - -2 - 18/2. Let p = j - -66. What is the units digit of p?
0
What is the thousands digit of -10 + 1316 - (0 - 7)?
1
Let l(i) = i**2 + i - 16. Let h = -30 - -23. What is the units digit of l(h)?
6
Let m = 3788 + 2409. What is the units digit of m?
7
Suppose -10543 - 7227 = -10*k. What is the thousands digit of k?
1
What is the hundreds digit of (3 - (-13)/(-5))*(-1365)/(-3)?
1
Suppose -4*t + 0*t - u + 393 = 0, t - 2*u - 105 = 0. Suppose -n + 17 = -w - 16, -3*n - 3*w + t = 0. What is the units digit of n?
3
Let p(a) = -161*a + 49. What is the thousands digit of p(-16)?
2
Suppose -12 + 4 = -4*g. Suppose 13 = 2*f - g*d + d, -5*f - 2*d + 28 = 0. Suppose -f = 3*n, 5*z + n = -3*n + 22. What is the units digit of z?
6
Let o(d) = -d**3 - 8*d**2 - 2*d - 5. Let t be o(-8). What is the units digit of 1 + 0 - (t + -6 + -85)?
1
Let o(n) = -n**3 + 7*n**2 + 7*n + 4. Let y be o(8). What is the units digit of (112/(-42))/(y/138)?
2
Let g = 41 - 35. Suppose -10*r = -g*r - 32. What is the units digit of r?
8
Let a = 205 + -37. Suppose -10 = -5*t, -4*z + 6*t - a = 2*t. What is the units digit of (-2)/(-8) - 1270/z?
2
Suppose -5*q + 2*f = 110, -10 = 3*q - 2*f + 60. Let t = 96 + q. What is the units digit of t?
6
Let g be (-5 + 1)*(-6)/4. Let s be ((-7)/(-14))/1 + 3/(-2). What is the units digit of (-2 - s) + 3 + g?
8
Let q be 110/25 + 6/10. Suppose 5*g + 5*h = q, 5*g = 3*g + 5*h + 9. Suppose 4*j = -g*r + 236, -4*j = -j + 4*r - 187. What is the units digit of j?
7
Let z(t) be the second derivative of -t**3/3 + 49*t**2/2 - 27*t. What is the units digit of z(-22)?
3
Let b(a) = a**2 + 5*a - 8. Let x be b(-6). Let v(m) = -6*m - 1. What is the units digit of v(x)?
1
What is the hundreds digit of 100*((-76)/(-18) + 4/(-18))?
4
Let p(q) = 19*q**2 - 13*q - 42. Let j be p(22). What is the hundreds digit of ((-3)/(-12))/(-2 + j/4432)?
2
Let x(p) be the first derivative of -p**4/4 - 7*p**3/3 + 3*p**2/2 + 2*p + 4. What is the tens digit of x(-8)?
4
Let a(i) be the third derivative of 7/6*i**3 + 0 - 5/24*i**4 + 0*i + 1/20*i**5 - 2*i**2. What is the units digit of a(5)?
7
Let r = 1264 - 900. What is the units digit of r?
4
What is the units digit of (-4051)/(-2) - 9*7/126?
5
Let y be (-138)/(-4) + (-1)/(-2). Suppose -p = 5*s - y, -2*s + 4*s - 10 = 0. What is the tens digit of p?
1
Let z(w) = -7*w - 21. Let q be z(-5). Suppose -882 = -4*b + q. What is the units digit of b?
4
Let a(n) = n**3 + 6*n**2 - n. What is the tens digit of a(5)?
7
What is the hundreds digit of (-294518)/(-70) - -2 - 6/15?
2
Let d(r) = -r - 1. Let v(t) = -16*t + 21. Let x(m) = 3*d(m) - v(m). What is the units digit of x(7)?
7
Let a = 1360 - 1322. What is the tens digit of a?
3
Suppose -z - 2*b + 3 = 2*b, 44 = -2*z + 2*b. Suppose -2*x + 3*j = x + 42, -j - 46 = 5*x. Let g = x - z. What is the units digit of g?
7
Let z = -20 - -20. Suppose 43 = j - z*j. What is the units digit of j?
3
Let r(o) = o**3 - 16*o**2 + 44*o - 24. What is the hundreds digit of r(15)?
4
Let s = -24 - -188. What is the units digit of s?
4
Suppose 0 = -c - 2*c. Suppose c = -8*p + 10*p + 20. What is the tens digit of p*(1 + -6)*1?
5
Let d be (2 - (-4 + 4)) + 0. Let w(m) = 7 - 9*m**d - m - 6 + 3*m**2 - 2*m**3. What is the tens digit of w(-4)?
3
Suppose -9*u = -6*u + 3*i - 2799, 16 = -4*i. What is the hundreds digit of u?
9
Let c = 4675 + -2437. What is the thousands digit of c?
2
Suppose -s + 3 + 1 = 0. Suppose -3*n = -2*v - 107, -s*n + 7*n - v = 109. What is the tens digit of n?
3
Suppose -15009 = -4*i + b - 983, 5*b = -i + 3517. What is the hundreds digit of i?
5
Let j = 25 - 22. Let w = 7 + j. Let y = -4 + w. What is the units digit of y?
6
Let l = 979 + 765. What is the tens digit of l?
4
Let p(v) be the third derivative of -v**4/3 - 5*v**